re the prime factors of t/8 + 2/(-8)?
3
Let d(y) = y**2 + y - 16. List the prime factors of d(10).
2, 47
Suppose 6 - 14 = -4*m. Suppose -3*j + 50 = m. What are the prime factors of j?
2
Let t(d) be the third derivative of 1/60*d**5 - d**2 - 7/6*d**3 + 1/6*d**4 + 0*d + 0. List the prime factors of t(-6).
5
Suppose 6 = 5*u - 4. Suppose -m + 18 = u*r - 36, -2*r + 4*m = -74. Suppose 5*f - 21 = r. List the prime factors of f.
2, 5
Let j(o) = o**2 + 6*o + 8. Suppose 0 = z - 6*z - 30. List the prime factors of j(z).
2
Let v = 51 + -18. List the prime factors of v.
3, 11
Suppose 4*s - 2*s - 4 = 0. Suppose -3*p - 27 = -7*p + 3*i, 0 = s*p + 3*i - 9. Let a(d) = -d**3 + 5*d**2 + 8*d. List the prime factors of a(p).
2, 3
Let h = -569 + 985. List the prime factors of h.
2, 13
Let w be (-102)/(-14) - 2/7. Let l(b) = b. List the prime factors of l(w).
7
What are the prime factors of 1/2 + 195/10?
2, 5
What are the prime factors of (4 + (-11)/(-3))*9?
3, 23
Suppose -8*u = -10*u + 388. What are the prime factors of u?
2, 97
Let x = -25 + 27. Suppose -5*c = 5*b - 185, -3*b + 145 = b + c. Suppose 4*g = -x*f + 32, 2*f + g + g - b = 0. What are the prime factors of f?
2, 5
Suppose 3*p + 15 + 15 = 4*i, -p - i = 3. What are the prime factors of (78/(-9))/(4/p)?
13
Let g be (36/(-16))/(3/(-136)). Suppose 4*j - 5*k - 113 = 0, 2*k + g = 3*j + 4*k. What are the prime factors of j/18 - (-12)/54?
2
List the prime factors of 11/(2/48*(22 + -19)).
2, 11
Let t be 2/(-6) - 56/21. Let j = 1 - t. List the prime factors of j.
2
Let f = -5 + 16. Let a(o) = -15*o - 1. Let t be a(-1). Suppose 0 = 5*l - t - f. List the prime factors of l.
5
What are the prime factors of (-12)/((-2 - -3)/(-2))?
2, 3
Let l be (-12)/30 - 176/10. What are the prime factors of 11 + (-3 - l/3)?
2, 7
Suppose -2400 = -9*l - 7*l. What are the prime factors of l?
2, 3, 5
Let w(c) = -c**3 + 4*c**2 - 2*c - 1. Let l be w(2). Suppose -4*n - l = 1. List the prime factors of ((-20)/(-16))/(n/(-4)).
5
Let r(h) = -h**3 + 8*h**2 + 5*h + 6. List the prime factors of r(8).
2, 23
Suppose 5*p - 4*h + 20 + 5 = 0, 2*h = 3*p + 13. Let l(y) = 3*y**2. List the prime factors of l(p).
3
Suppose 0 = -3*l + 30 + 96. What are the prime factors of l?
2, 3, 7
Suppose 0 = -3*d - 4 + 16. Let b = d + 0. Suppose r + 36 = b*r. What are the prime factors of r?
2, 3
Suppose 0 = 4*o - w - 185, w + 229 + 3 = 5*o. What are the prime factors of o?
47
Let p be 104/(-16) - (-2)/4. Let g = p + 8. Suppose 0*c + g*c - 8 = 0. List the prime factors of c.
2
Let j = 8 - 2. Let m be (j/(-12))/((-1)/2). Suppose -m = -5*b + 14. What are the prime factors of b?
3
Let o(v) = -4*v + 6*v + 9*v**2 + 2*v - 3*v. What are the prime factors of o(-1)?
2
Let y be 1 + -1 + -2 + 4. Let h(m) = -4*m - 1. Let f(r) = -12*r - 3. Let w(x) = y*f(x) - 7*h(x). List the prime factors of w(1).
5
Let j = 169 - 87. What are the prime factors of j?
2, 41
Suppose 0 = -m + 3*m - 4. Suppose 2*k - 3*k = -40. Suppose -m*h - 3*i + 3 = -13, 5*h - k = -2*i. What are the prime factors of h?
2
Let y be 91/4 + 1/4. Suppose -3*c = 2*b - 73, -2*b = -2*c + 3*c - y. Suppose 4*g + g - c = 0. What are the prime factors of g?
5
Suppose 0 = -5*l - 262 + 1012. What are the prime factors of l?
2, 3, 5
Suppose 14*o - 68 = 10*o. List the prime factors of o.
17
Let o = -125 - -200. List the prime factors of o.
3, 5
Suppose 2*j = -2*l + 4, 2*l - 2 - 6 = 0. Let q = 1 + j. Let x = q - -5. What are the prime factors of x?
2
Let z(o) = o**3 - 3*o**2 - 2*o - 3. Let g be z(4). Suppose 91 = 3*t + 7*y - 3*y, 92 = 3*t + g*y. List the prime factors of t.
29
Let x(f) = -f**2 + 5*f - 2. Let d be x(2). Suppose 5*m - 17 = -2, z - 15 = d*m. What are the prime factors of z?
3
Let l = -17 - -39. Let i = l + -2. List the prime factors of i.
2, 5
Suppose -7*z - 36 = -5*z. Let w(p) = p**3 - 7*p**2 + 4*p - 1. Let s be w(6). Let n = s - z. What are the prime factors of n?
5
Let g(p) be the second derivative of p**4/12 - 2*p**3/3 - 4*p**2 + p. Let v be (2 - 1)/((-3)/(-18)). What are the prime factors of g(v)?
2
Suppose 5*w + 3*m = 70, w - 3*m + m = 1. What are the prime factors of w?
11
List the prime factors of (4/(-4) - -4) + 85.
2, 11
Let w(v) = -2*v**2 + 2*v + 2*v**2 - 9*v + v**2 + 1. What are the prime factors of w(10)?
31
Suppose 0 = 2*m - 1 - 3. Suppose 3*j - 136 = m*w - w, -w = 1. Suppose 3*d - v + 35 = 6*d, 5*d - 5*v - j = 0. List the prime factors of d.
11
Let y be 32/3 - (-3)/9. Let z = 15 - y. What are the prime factors of z?
2
Let p be 33/(5 + -1 + -3). Suppose 4*a + g = 27, 4*a + 4*g = g + p. What are the prime factors of ((-28)/8)/((-1)/a)?
3, 7
Let p be 2*-1*(-3 + 2). Suppose p*a - 40 = 32. What are the prime factors of a?
2, 3
Let d(m) = 5*m**2 + 7*m - 23. What are the prime factors of d(4)?
5, 17
Suppose -4*m + 48 = -4*h, 0 = -2*m - h - 2*h - 1. Let n = 9 - m. Suppose -3*s + n = -4. List the prime factors of s.
2
What are the prime factors of 0/(1 - (-1)/1) - -18?
2, 3
Let c(x) = -x**2 - 6*x - 9 - 8*x**2 + x**3 + 2*x**2. Let z be c(8). Suppose 0 = z*b - 3*b - 16. List the prime factors of b.
2
Let p(m) = -m + 4. Let v be p(4). Let j be v/(-1) + (2 - 8). List the prime factors of (-5)/((-15)/j)*-1.
2
Suppose -20 = -5*c - 5. Suppose b + 5*a = 19, 3*a + 2*a + 117 = c*b. List the prime factors of b.
2, 17
Let c = 6 + -1. Suppose -c*u - 3*w + 496 = 0, -3*u + 94 + 210 = 5*w. Suppose 4*t - u = a - 6*a, 5*a - 5*t = 80. What are the prime factors of a?
2, 3
Let d = 92 - 47. Suppose -a + d = 4*a. What are the prime factors of a?
3
Suppose -5*i = -r + 6*r - 630, 0 = 2*i - 2*r - 240. What are the prime factors of i?
3, 41
Let u(y) = y**2 + 2*y - 7. Suppose -18 + 2 = -2*f. Let a = -14 + f. What are the prime factors of u(a)?
17
Let r(p) = -9*p**2 + p - 1. Let n be r(1). List the prime factors of 32/3 + (-3)/n.
11
Suppose 0 = 5*r - 2*a + 2294, 3*a + 590 = -r + 121. Suppose -6*y + 16 = -2*y, 34 = -f + 4*y. List the prime factors of 4/f + r/(-45).
2, 5
Suppose o - 51 = -3*j, 3*o - j - 143 = -0*j. Suppose -2*h - o = -3*l, 20 = 3*l - 2*l - 2*h. List the prime factors of l.
2, 7
Let k be 65*(-3)/(3/(-1)). Suppose -2*w + k + 7 = 0. What are the prime factors of ((-1)/(-2))/(3/w)?
2, 3
Let d = 75 - -1. What are the prime factors of d?
2, 19
Suppose -2*f - f + 3 = s, -3*f = -3*s + 33. What are the prime factors of s?
3
Let u(k) = -5*k. Let t be (0 - 3)/(-3) - -8. Let r = 6 - t. What are the prime factors of u(r)?
3, 5
Let d(y) = 7*y**3 + 5*y**2 + 7*y + 6. Let i(c) = 6*c**3 + 5*c**2 + 6*c + 5. Let f(r) = 5*d(r) - 6*i(r). List the prime factors of f(-5).
5
Suppose 8*l - 510 = 3*l. List the prime factors of l.
2, 3, 17
Suppose 6*l = l + 160. List the prime factors of l.
2
Let m = 35 - -39. What are the prime factors of m?
2, 37
Let d be (30/(-40))/((-2)/(-16)). Suppose -3*s + 3*r = -0*s - 15, 2*r + 8 = 0. List the prime factors of d/(-2 - 0/s).
3
Let v(z) = 17*z**2 - 1 - z + 1. List the prime factors of v(1).
2
Let u = 60 - -91. What are the prime factors of u?
151
Let k be (-44)/(-10) - 4/10. Suppose 4*x = -2*i + 28, -k*i + 5 = 2*x - 9. List the prime factors of x.
7
Let i = 12 - 7. Let w(q) = -q**2 + 4*q + 3. Let c be w(i). List the prime factors of c/11 + 369/33.
11
Let p(k) = -k**3 - 3*k**2 - k. Let t be p(-3). Let j(n) = n - 1. Let i(q) = 2*q - 1. Let c(g) = t*i(g) - 3*j(g). List the prime factors of c(7).
3, 7
Let f(h) = -h**3 + 2*h. Let z be f(-2). Suppose -z*u - 12 = -56. What are the prime factors of u?
11
Suppose t + 24 = -24. Let k = 74 + t. Suppose -2*p - k = -4*n, -4*n = -3*n - p - 7. What are the prime factors of n?
2, 3
Let n = 73 + -58. What are the prime factors of n?
3, 5
Let j(b) = -b**2 + 9*b - 5. Suppose -3*z - 12 = -z. Let s = 13 + z. What are the prime factors of j(s)?
3
Let f = 2 - -7. What are the prime factors of -3*1*(-15)/f?
5
Let z be (-6)/10 - 27/(-45). What are the prime factors of 43/1 - (0 + z)?
43
Let m = -92 - -151. Suppose -5*y + 41 = -m. List the prime factors of y.
2, 5
Let n(m) = 5*m - 3. Let w(o) = -3*o + 2. Let t(d) = -4*n(d) - 7*w(d). Suppose -s + 4*v = -16, -3*s = 2*s - 3*v - 29. List the prime factors of t(s).
2
Suppose 3*u = 9*u - 522. Let w = u - 48. What are the prime factors of w?
3, 13
Let z(a) = 6*a**2 + 2*a + 1. Let c be z(-1). Suppose -6 = 3*b, 3*s + b - 14 = 5*b. Suppose -18 = -c